8*o**2 - 25*o + 59. Determine r(-27).
5
Let w(k) = k**3 + k + 3. Calculate w(0).
3
Let o(i) = -20*i + 7. Calculate o(1).
-13
Let s(d) = -3*d**3 - 2*d**2 + 2*d + 3. Give s(-2).
15
Let u(q) = q**3 + 2*q**2 - 6*q + 12. Give u(-5).
-33
Let h(t) = -t**3 - 8*t**2 - 13*t + 6. Determine h(-5).
-4
Let b(x) = -23*x**2 - 1. Determine b(1).
-24
Let o(j) = j**2 - 7*j - 18. Calculate o(5).
-28
Let c(y) = -y**3 - 6*y**2 - 2*y + 9. Give c(-5).
-6
Let k(w) = w**2 + 8*w + 12. Give k(-6).
0
Let d(b) = -5*b + 6. Calculate d(5).
-19
Let w(k) = -k**3 + 4*k**2 + 7*k - 6. Calculate w(4).
22
Let c(t) = -3*t**2 - t. Calculate c(-2).
-10
Let x(i) = -4*i**2 - 35*i + 16. What is x(-9)?
7
Let z(c) = c + 3. Give z(4).
7
Let n(l) = 4*l + 13. Determine n(-6).
-11
Let q(v) = v**2 - 12*v - 3. Determine q(13).
10
Let p(b) = -b**3 + 7*b**2 - 8. Determine p(7).
-8
Let w(l) = l**2 + 4*l - 4. Give w(-6).
8
Let f(w) = 29*w + 839. What is f(-29)?
-2
Let p(d) = d**2 + 4*d + 9. What is p(-2)?
5
Let g(q) = 2*q**2 - 5*q - 1. Determine g(5).
24
Let o(x) = x**3 - 8*x**2 - 8*x - 11. Give o(9).
-2
Let y(c) = 2*c**2 + 3*c - 96. What is y(6)?
-6
Let r(o) = o**3 - 7*o**2 + 10*o + 3. Give r(4).
-5
Let f(m) = -m**2 - 15*m - 18. Give f(-11).
26
Let s(d) = d**2 - 13*d + 19. Determine s(14).
33
Let g(u) = 48*u**2 + 2. Give g(-1).
50
Let s(y) = -4*y - 12. What is s(-7)?
16
Let t(k) = -k**2 + 14*k - 18. Calculate t(12).
6
Let o(h) = 18*h - 147. Give o(8).
-3
Let g(c) = -2*c**2 - 13*c + 31. What is g(-9)?
-14
Let h(x) = -x**3 + x - 4. Calculate h(0).
-4
Let w(s) = -2*s - 19. Determine w(-3).
-13
Let b(t) = -t**2 + 6*t + 15. Give b(7).
8
Let p(x) = 3*x - 49. Give p(18).
5
Let x(m) = 2*m**2 - 2*m - 24. What is x(7)?
60
Let b(o) = 6*o**2 - 2. Determine b(-2).
22
Let k(u) = 4*u**2 + 7*u. Determine k(-2).
2
Let q(n) = -n**3 - 9*n**2 - 8*n + 7. What is q(-8)?
7
Let j(k) = k**3 - 8*k**2 + 6*k + 5. What is j(7)?
-2
Let t(k) = -9*k + 568. Calculate t(63).
1
Let v(y) = 13*y + 297. What is v(-23)?
-2
Let i(s) = 2*s**2 - 4*s + 3. Give i(-4).
51
Let o(u) = u**2 - 2*u - 52. Calculate o(7).
-17
Let i(v) = v**2 - 14*v + 21. Determine i(12).
-3
Let d(w) = 2*w**2 - 11*w + 8. Calculate d(4).
-4
Let v(y) = y**3 + 26*y**2 - 29*y - 48. Give v(-27).
6
Let x(m) = 3*m - 19. Give x(6).
-1
Let t(j) = -14*j - 718. Calculate t(-51).
-4
Let a(t) = -t**2 - 3*t + 5. Give a(2).
-5
Let z(c) = c**2 + c. Give z(-3).
6
Let d(t) = -t**2 + 18*t - 30. Determine d(15).
15
Let p(a) = -27*a**2 - 136*a. Calculate p(-5).
5
Let g(p) = p + 114. Give g(20).
134
Let m(x) = x**3 + 8*x**2 + 3*x + 33. Calculate m(-9).
-75
Let m(q) = -19*q + 3. Calculate m(1).
-16
Let h(b) = -57*b - 169. What is h(-3)?
2
Let i(t) = -t**2 + 19*t - 1. What is i(18)?
17
Let z(b) = 2*b**2 - 2*b - 5. Calculate z(3).
7
Let h(w) = -w**2 + 10*w + 9. Give h(9).
18
Let l(w) = w**2 - 22*w - 5. Calculate l(0).
-5
Let g(l) = -l**3 + 6*l**2 - 3*l - 4. Determine g(5).
6
Let a(h) = h**3 + 7*h**2 + 62*h + 441. What is a(-7)?
7
Let x(d) = 3*d + 7. Determine x(-7).
-14
Let b(k) = k**2 - 5*k + 2. Determine b(5).
2
Let r(z) = -3*z**3 - z. Calculate r(-1).
4
Let v(r) = r**3 - 3*r**2 + 12*r - 16. What is v(2)?
4
Let t(s) = 20*s**2 + 118*s - 12. Determine t(-6).
0
Let t(k) = -k + 2. Determine t(4).
-2
Let n(y) = -4*y**3 - 23*y**2 + 9*y + 10. Give n(-6).
-8
Let k(x) = -x + 8. What is k(-6)?
14
Let s(a) = a**3 - 7*a**2 - a + 12. Give s(7).
5
Let w(h) = -2*h - 16. What is w(-4)?
-8
Let f(p) = -7*p**2 - 2*p + 5. What is f(4)?
-115
Let n(t) = -10*t + 83. What is n(7)?
13
Let z(y) = 4*y + 111. Calculate z(-23).
19
Let y(i) = i + 26. Give y(-8).
18
Let z(a) = -3*a**2 + 1. Give z(-2).
-11
Let y(n) = -33*n**3 - n**2 + n - 1. Calculate y(1).
-34
Let r(f) = f**2 + 3*f + 1. Give r(-7).
29
Let p(b) = -2*b + 24. What is p(-13)?
50
Let v(p) = -p**2 - 8*p + 8. What is v(-10)?
-12
Let h(m) = m - 58. Calculate h(9).
-49
Let g(h) = -9*h + 21. What is g(-3)?
48
Let a(z) = -3*z - 20. Calculate a(-7).
1
Let k(x) = -x**2 + 36*x + 359. Give k(-8).
7
Let r(y) = y**3 + 2*y**2 + 3*y + 6. Calculate r(-4).
-38
Let l(m) = -2*m**2 + 28*m - 43. What is l(13)?
-17
Let n(u) = u**3 + 11*u**2 + u + 4. Calculate n(-11).
-7
Let g(p) = -14*p - 5. Determine g(3).
-47
Let w(z) = 2*z**3 - 13*z**2 - 4*z - 17. What is w(7)?
4
Let n(z) = -z**2 - 21*z - 6. Determine n(-21).
-6
Let v(i) = -110*i**2 + 4*i - 3. What is v(1)?
-109
Let n(z) = -6*z + 20. Determine n(14).
-64
Let m(w) = w**2 + 29*w + 46. Calculate m(-27).
-8
Let s(a) = -a - 10. Determine s(-9).
-1
Let a(k) = -k**3 - k**2 + 5*k + 2. Determine a(-4).
30
Let g(y) = 5*y**2 - 145*y + 6. Give g(29).
6
Let x(f) = -f**3 - 7*f**2 - 10*f - 8. Give x(-6).
16
Let s(g) = -9*g - 4. Give s(-6).
50
Let m(t) = 12*t**2 + 2*t. Calculate m(-1).
10
Let y(z) = -z**2 + 20*z - 32. Determine y(19).
-13
Let b(s) = -2*s**3 - s**2 + 2*s - 1. What is b(-3)?
38
Let b(r) = r**3 - 18*r**2 - 4*r + 77. Determine b(18).
5
Let z(v) = -v**2 - 9*v + 27. What is z(5)?
-43
Let y(s) = 2*s**2 + 50*s + 12. Calculate y(-25).
12
Let p(a) = a**3 + 6*a**2 - a + 2. Calculate p(-7).
-40
Let r(t) = -t**2 - t + 13. Give r(0).
13
Let m(c) = -2*c**3 + 12*c**2 + 55*c - 2. Determine m(9).
7
Let t(v) = -20*v + 685. Calculate t(34).
5
Let c(z) = z. Determine c(-20).
-20
Let m(n) = n**2 + 2*n. Calculate m(-3).
3
Let w(l) = l**2 - l - 10. Give w(5).
10
Let z(p) = -p**2 + 4. Determine z(2).
0
Let z(f) = -2*f**2 + 10*f + 14. Calculate z(6).
2
Let c(s) = s**3 + 2*s**2 - 3*s + 1. What is c(-3)?
1
Let j(m) = m**3 - 5*m**2 - 11*m + 3. Give j(7).
24
Let a(h) = -h**3 + 5*h**2 + 11*h - 7. Determine a(6).
23
Let s(l) = -5*l + 58. What is s(13)?
-7
Let l(x) = x**3 + 16*x**2 - 37*x - 4. Calculate l(-18).
14
Let y(i) = 5*i**2 - 25*i + 1. Give y(5).
1
Let w(b) = b**3 - 42*b**2 + 15. Calculate w(42).
15
Let k(o) = o**3 + 6*o**2 + 6*o + 13. Give k(-6).
-23
Let x(n) = -n**3 - 3*n**2 + 5*n - 1. Calculate x(-4).
-5
Let h(q) = -q**3 - 4*q**2 + 12*q - 5. What is h(-6)?
-5
Let k(f) = f**3 + 5*f**2 - 23*f + 8. Calculate k(-8).
0
Let r(g) = -g**3 - 7*g**2 - 6. Calculate r(-7).
-6
Let x(b) = 2*b - 54. What is x(22)?
-10
Let g(w) = 3*w**2 + w. Give g(-1).
2
Let t(r) = r**3 + 3*r**2 - 2*r + 13. Calculate t(-4).
5
Let w(n) = 2*n**3 - 6*n**2 + 4*n + 1. Calculate w(1).
1
Let m(u) = u**3 - 4*u**2 - 10*u - 11. What is m(7)?
66
Let v(b) = b**3 - 4*b + 2. Determine v(1).
-1
Let l(t) = t**2 - 15*t - 3. Calculate l(16).
13
Let h(d) = d**3 - 6*d**2 + d + 2. What is h(4)?
-26
Let r(b) = -b**2 - 23*b - 88. Determine r(-4).
-12
Let b(j) = -j**3 + 4*j**2 + 7*j - 6. What is b(4)?
22
Let f(t) = 2*t**3 - t**2 + t + 1. What is f(-1)?
-3
Let i(m) = -291*m - 575. Give i(-2).
7
Let z(c) = 20*c - 60. Calculate z(4).
20
Let k(q) = q**2 + 6*q - 3. Give k(-7).
4
Let x(i) = -4*i + 7. Give x(8).
-25
Let w(a) = -11*a**2 - 2*a + 5. Determine w(3).
-100
Let a(m) = -2*m + 5. What is a(8)?
-11
Let t(z) = 3*z + 14. Determine t(-10).
-16
Let h(n) = -n**3 + 5*n**2 - 3*n - 3. Determine h(3).
6
Let l(s) = -s**3 + 14*s**2 - 28*s - 4. Calculate l(3).
11
Let r(m) = 24*m + 37. What is r(-2)?
-11
Let y(u) = -20*u + 33. Determine y(2).
-7
Let s(i) = -i**2 + 9*i + 19. Give s(11).
-3
Let p(x) = 2*x**3 - 2*x**2 + x + 27. What is p(0)?
27
Let s(j) = -2*j - 17. Calculate s(9).
-35
Let z(a) = -10*a + 253. Give z(26).
-7
Let w(x) = x**3 - 9*x**2 - 3. Determine w(10).
97
Let p(u) = -u**3 - 5*u**2 + 16*u + 9. Determine p(-6).
-51
Let f(g) = g**2 + 21*g + 107. Give f(-13).
3
Let m(v) = v**2 + 13*v - 36. What is m(-15)?
-6
Let u(c) = 4*c - 1. Determine u(-6).
-25
Let l(s) = -s**2 + 2*s + 11. What is l(7)?
-24
Let m(u) = 6*u + 138. Calculate m(-16).
42
Let s(v) = -3*v + 2. What is s(-7)?
23
Let u(s) = 3*s**2 - s - 18. Give u(4).
26
Let g(l) = -14*l + 1. Calculate g(-1).
15
Let p(l) = 2*l + 6. What is p(-7)?
-8
Let n(b) = 2*b**2 + 34*b + 32. Calculate n(-17).
32
Let m(x) = x**3 + 10*x**2 - 21*x - 106. Determine m(-11).
4
Let k(l) = l**2 + 16*l + 3. What is k(-14)?
-25
Let t(p) = p**3 + 13*p**2 - 14*p - 13. Give t(-14).
-13
Let l(q) = -q**3 - 25*q**2 - 25*q - 23. Determine l(-24).
1
Let l(z) = -7*z + 38. Determine l(6).
-4
Let a(k) = -k**2 - 17*k - 23. Calculate a(-11).
43
Let l(x) = x**3 - 9*x**2 - 8*x + 3. What is l(10)?
23
Let s(m) = m**3 + 5*m**2 - 7*m + 5. Calculate s(-6).
11
Let g(w) = w - 34. Calculate g(18).